 is the remainder when 58 is divided by 1*(-2*(-9)/6 - k)?
10
Let f(i) = i**3 - 32*i**2 - 30*i - 61. Suppose 60 = 6*l - 3*l. Calculate the remainder when f(33) is divided by l.
18
Let f(p) = 4*p**2 - 53*p + 4. Calculate the remainder when f(17) is divided by 9.
7
Let a = -23 - -245. Calculate the remainder when a is divided by 15.
12
Let n(u) = -12*u**3 - u**2 - 1. Let w be n(-1). Suppose -5*t = w, -t - 40 = -4*q + t. What is the remainder when q is divided by 4?
1
Let v(n) = n**2 + 4*n + 4. Let t be v(-4). Suppose a + 21 = t*a. What is the remainder when -30*(2 + 24/(-9)) is divided by a?
6
Let w(o) = o**2 + 7. Let j be w(-5). Let x = j - 18. Calculate the remainder when x is divided by 20 - 671/33 - (-32)/6.
4
Let l = -230 - -386. Suppose 2*j + 8 = -r + 14, -3*r - 3*j = -12. Suppose r*c - l = -2*c. What is the remainder when c is divided by 14?
11
Let h be (0 + -11)/(-2 + 3). Let g(w) = w**3 + 11*w**2 - 5*w - 2. Let q = 13 - -1. What is the remainder when g(h) is divided by q?
11
Suppose 2*m + 2*w + 474 = 0, -5*m + 4*w - 556 - 656 = 0. Calculate the remainder when (-42)/8*m/56*6 is divided by 34.
33
Suppose -3*z = -146 + 50. Let h be (-5)/(-1) - ((-438)/3 + -6). Suppose 163*x - 372 = h*x. What is the remainder when x is divided by z?
30
Let z = -10 + 12. Suppose 200 = 3*q + q - z*d, q + d = 50. What is the remainder when q is divided by 13?
11
Suppose -12*s = -5*s - 350. Calculate the remainder when s is divided by (-12)/36 + 55/3.
14
Calculate the remainder when (-6)/11 - 8*1308/(-66) is divided by 61.
36
Suppose 2*w - 29 = 6*w + b, 3*b = 2*w + 11. Let n be (-244)/(-24) - (-2)/(-12). Let t = n - w. Calculate the remainder when 66 is divided by t.
15
Let q(v) = -v**3 - 8*v**2 - 13*v - 1. Let k be q(-6). What is the remainder when (-3)/(-7) + k/((-210)/(-486)) is divided by -2*1*15/(-6)?
2
Let g be 56/1 - (10 - 6). Suppose -g = -3*o + 20. Calculate the remainder when o is divided by (-1 - -15) + 1/(-1).
11
Let a(u) = u**2 - 55*u - 27. Calculate the remainder when a(56) is divided by 5.
4
Suppose 5*r + 5 - 55 = -5*b, -2*b + 29 = 5*r. Let p be 1725/(-35) - (-6)/21. What is the remainder when 2/b - 819/p is divided by 10?
7
Suppose 11*m = 15*m - 4*x - 144, 0 = m + 5*x - 66. Calculate the remainder when m is divided by 22.
19
Suppose 27 - 195 = -2*s. Suppose 0*w = 4*w - s. Suppose -3*k = -8*k - 25, 5*j - 2*k - 320 = 0. What is the remainder when j is divided by w?
20
Let c be -3*(-4)/12*67. Suppose g - 28 = c. Suppose g = 5*b + 3*d + 30, -2*b + 3*d + 5 = 0. What is the remainder when 27 is divided by b?
7
Let c(u) = -10*u**3 - 2*u**2 - 2*u + 1. Let z be (0 + 3)/(3/(-2)). Calculate the remainder when c(z) is divided by 16.
13
Let k = -1715 - -2314. Calculate the remainder when k is divided by 25.
24
Let o(b) = -8*b**3 - 4*b**2 + b + 3. Let j(g) = -15*g**3 - 7*g**2 + g + 6. Let z(n) = -3*j(n) + 5*o(n). What is the remainder when 23 is divided by z(1)?
3
Let a(l) = -l**3 - 8*l**2 - 14*l + 22. What is the remainder when 849 is divided by a(-6)?
33
Let g(r) = -r**3 - 40*r**2 - 73*r + 158. What is the remainder when 87 is divided by g(-38)?
43
Let r be (-6)/10 - 1491/(-35). Let j(x) = 80*x + 3 - r*x - 36*x. Calculate the remainder when j(2) is divided by 2.
1
Let c(u) = -u**3 - 2*u**2 + 4*u + 1. Suppose -255*w + 22859 + 2638 = -17598. What is the remainder when w is divided by c(-4)?
16
Suppose 0 = -0*t - t - 25. Let k = 11 - t. Let l(n) = 2*n**2 - 4*n - 3. Calculate the remainder when k is divided by l(4).
10
Suppose -t - 2*t = 0. What is the remainder when 151 is divided by 152/(-12)*(t - 3)?
37
Suppose -4*x - 1404 = -13*x. What is the remainder when x is divided by 24?
12
Let q(y) = -y - 3. Suppose -5*w + 20 = -5*g, 3*g + 3*w = -2 + 8. Let i be q(g). What is the remainder when 31 is divided by -8*(2 + i + -2)?
15
Let b = 2 - -17. Suppose 5*l + 4*u - 16 = 0, 2*u + 10 = 3*l - 4. Suppose j - 20 = -4*s, 0*s - 88 = -2*j + l*s. Calculate the remainder when j is divided by b.
17
Suppose -6*c = -2*c - 4*o - 1288, -2*c + 653 = -5*o. Suppose 1144 = 15*s + c. What is the remainder when 218 is divided by s?
53
Suppose 16*p = 39*p - 11086. What is the remainder when p is divided by 11?
9
Suppose -1265*m - 150 - 725 = -1300*m. Suppose 5*n - 1 = 3*f, 0 = n - 2*f + f + 1. Suppose 5*i = -n + 67. What is the remainder when m is divided by i?
12
Let i(y) = 5*y**2 - 9*y + 2. What is the remainder when i(7) is divided by 86?
12
Suppose 0 = 10*u - 20*u + 1390. What is the remainder when u is divided by 48?
43
Let y(h) = 45*h - 9. Let p be y(2). Let c = p - 39. What is the remainder when c is divided by 12?
6
What is the remainder when 42*(3 - 2*(-45)/70) is divided by 37?
32
Suppose 3*p - 32 = -5*q, -6*p + 51 = -2*p + 5*q. Let l(h) = 10*h**2 + 17*h - 19. What is the remainder when l(2) is divided by p?
17
Suppose 4*r + 5*x - 17 - 20 = 0, -x - 10 = -5*r. Suppose -2 - 4 = -r*h. Calculate the remainder when 24 is divided by -1*1/(h/(-26)).
11
Suppose 11*d = 35*d - 912. Calculate the remainder when 173 is divided by d.
21
Suppose -480 = -6*j - 60. Calculate the remainder when j is divided by 15.
10
Let g be 330/(-11) + (4 - 2). Let l = -26 - g. What is the remainder when 3 is divided by l?
1
Let y be -22*33/3 - 1. Let i = -221 - y. What is the remainder when ((-86)/8)/((-1)/4) is divided by i?
21
Calculate the remainder when 80 is divided by 29 - (-7)/(21/(-18)).
11
Suppose -a = -4*a + 9. Suppose -a*i + 11 = -16. Suppose -4*m - 2*y + 54 = 0, -8 - 7 = 3*y. What is the remainder when m is divided by i?
7
Suppose 675 = 5*f - 0*f. Let l = -48 + f. What is the remainder when l is divided by 8?
7
Suppose 2*k - 8 = -f + 17, -3*f - 4*k + 67 = 0. Let p(o) = -o**2 + 19*o - 25. Calculate the remainder when 34 is divided by p(f).
7
Let t = 61 - 27. What is the remainder when t is divided by 12?
10
Let y(g) = 10*g**2 + 9*g - 36. Calculate the remainder when 151 is divided by y(3).
70
Let i(w) = -w**3 - 54*w**2 + 59*w + 241. What is the remainder when i(-55) is divided by 6?
3
Let k = -10 - -3. Let m be (25/2)/((-3)/(-6)). Let g = m + k. What is the remainder when g is divided by 11?
7
Suppose 0 = -3*o - 109 + 4. Let g = 79 + o. Calculate the remainder when g is divided by 15.
14
Let z(g) = 8*g - 6. Let t(u) = -50*u + 19. Let m be t(5). Calculate the remainder when ((-2)/6)/(1/m) is divided by z(4).
25
Let h = -6 - -21. Suppose 2*n - 3 = h. What is the remainder when 16 is divided by n?
7
Let m = -1209 + 2222. Calculate the remainder when m is divided by 29.
27
Suppose -29 - 1 = -5*p. Let j be -3 + ((-96)/(-40))/((-3)/(-10)). Suppose 3*g + 13 = b, -3*g + 0*g - 29 = -j*b. What is the remainder when p is divided by b?
2
What is the remainder when 89 is divided by (-20)/8*(-4)/2 - -28?
23
Let m = 599 + -570. Suppose -2*f = -4*r + f + 80, 2*r + 5*f = 14. Calculate the remainder when m is divided by r.
12
Suppose 158 - 56 = -6*y. Let i be (0 + -6)/((-1)/5). Let b = y + i. Calculate the remainder when 23 is divided by b.
10
Let s(b) = b + 9. Let k be s(-4). Suppose 2*o = k*o - 165. Calculate the remainder when o is divided by 15.
10
Let u = 119 + -64. Let o = 57 + -33. Suppose t - 3*t - j + o = 0, 4*t - j - 60 = 0. Calculate the remainder when u is divided by t.
13
Suppose -116 = 131*q - 135*q. Calculate the remainder when 144 is divided by q.
28
Suppose 4*t = 366 - 30. Calculate the remainder when 586 is divided by t.
82
Suppose 5*i + 8 = b + 27, 4*b + 31 = 5*i. Let r(x) = -3*x**2 + 10*x - 9. Let j be r(8). Calculate the remainder when (j/(-33))/((-2)/(-6)) is divided by i.
2
Suppose -474 = -4*t + u, -4*u + 5*u = 3*t - 356. What is the remainder when t is divided by 60?
58
Suppose f - 78 = -3*t - 6, -192 = -3*f - t. Let r(x) = x**2 + 13. Calculate the remainder when 3069/f + (-2)/(-7) is divided by r(0).
10
Let s = 38 + -24. Suppose -28*r = -27*r - 5. What is the remainder when s is divided by r?
4
Suppose 4*a = -5*a + 45. Suppose 4*q - q - 176 = 5*p, -3*p = -a*q + 288. What is the remainder when q is divided by 15?
12
Suppose -a + 81 = -0*r + 5*r, -5*r + 3*a = -77. Suppose 2 = q, v - 54 = 3*v + 3*q. Calculate the remainder when 4/(2*(-2)/v) is divided by r.
14
Let r(p) = -p**3 - 7*p**2 - 6*p + 3. Let v(u) = -u**2 - 13*u - 18. Let q be v(-12). Calculate the remainder when (-5*4/(-1))/2 is